hat is 1370 - 2?
1366
In base 10, what is -20 + 65?
45
In base 6, what is 12411 - -5?
12420
In base 16, what is -1 - f?
-10
In base 5, what is -2333 + 31?
-2302
In base 9, what is 0 + -1056?
-1056
In base 4, what is 3313 - 1?
3312
In base 14, what is -62 - 5?
-67
In base 14, what is -9b5 + 1?
-9b4
In base 9, what is 2 - 444?
-442
In base 11, what is -4 - -16?
12
In base 7, what is 300 - -5?
305
In base 12, what is -6 - 27?
-31
In base 2, what is 1 - 100100100111?
-100100100110
In base 3, what is -11 + -102101012?
-102101100
In base 8, what is -3 + -616?
-621
In base 13, what is 6 - 22?
-19
In base 8, what is -1 + -64?
-65
In base 2, what is -1000110 - -10011110?
1011000
In base 5, what is -1 - -100?
44
In base 5, what is 224 - 0?
224
In base 14, what is -76 - -5?
-71
In base 8, what is 21 - -11?
32
In base 7, what is 2 - 2115?
-2113
In base 10, what is 113 + 0?
113
In base 15, what is 36 - 66?
-30
In base 2, what is 100 - -1011011000101?
1011011001001
In base 5, what is 2 - 44041?
-44034
In base 13, what is 8 + -162?
-157
In base 4, what is -10123 - 23?
-10212
In base 6, what is -3112 + 11?
-3101
In base 11, what is 2 - -1a5?
1a7
In base 4, what is 3 - 332?
-323
In base 13, what is 7b3 - -b?
7c1
In base 14, what is 3 - -382?
385
In base 7, what is -2 - 211?
-213
In base 14, what is -4 + 672?
66c
In base 5, what is -24 - 114?
-143
In base 7, what is 6000 + 2?
6002
In base 10, what is 1 + -4226?
-4225
In base 2, what is -11011010 - -10001?
-11001001
In base 13, what is 2 - -9?
b
In base 14, what is 170 - -3?
173
In base 2, what is 101000 + 110?
101110
In base 12, what is 1 - 183?
-182
In base 13, what is 6b + 1?
6c
In base 9, what is -4 - 238?
-243
In base 16, what is -2 + e?
c
In base 15, what is 46c - 0?
46c
In base 7, what is -1 + 562?
561
In base 12, what is -5329 + 0?
-5329
In base 13, what is -117 + 4?
-113
In base 3, what is -1 + 2011?
2010
In base 12, what is -1103 + 3?
-1100
In base 13, what is -5 - 19c?
-1a4
In base 16, what is 20 - 19?
7
In base 11, what is 2 - -2a59?
2a60
In base 6, what is -1005 - 1?
-1010
In base 8, what is 0 + -2423?
-2423
In base 10, what is 11 - 6?
5
In base 14, what is -11 - -21?
10
In base 14, what is -24 + -7a?
-a0
In base 13, what is 6 - -b6?
bc
In base 7, what is 5 + 1251?
1256
In base 14, what is 1 - b?
-a
In base 15, what is e - -1?
10
In base 8, what is 114 - 1?
113
In base 8, what is -2647 + -5?
-2654
In base 4, what is 121 + -1?
120
In base 16, what is -4 - -7d2?
7ce
In base 3, what is -10 - -1022120?
1022110
In base 7, what is 535 - 0?
535
In base 3, what is -1120000100 + -1?
-1120000101
In base 3, what is -10220 + 110?
-10110
In base 3, what is -1200000 + 21?
-1122202
In base 2, what is -11011 + 1110?
-1101
In base 7, what is -46 - -4?
-42
In base 15, what is -309 + 1?
-308
In base 10, what is 23 + -18?
5
In base 16, what is 39a - -4?
39e
In base 2, what is -1001 - 10000101?
-10001110
In base 6, what is -10 - 11025?
-11035
In base 15, what is 3 + 81?
84
In base 5, what is 12 - 30?
-13
In base 5, what is 3204 + 12?
3221
In base 5, what is 314 + -1011?
-142
In base 5, what is 10 - -20324?
20334
In base 12, what is 27 - 2?
25
In base 4, what is 2030 + -10?
2020
In base 10, what is -64 - 7?
-71
In base 9, what is -5 - -38?
33
In base 6, what is 1 + 35?
40
In base 14, what is 26 - 1?
25
In base 2, what is -111111010 + -101?
-111111111
In base 7, what is -106 + -60?
-166
In base 13, what is 5 - -602?
607
In base 12, what is -a6b + 7?
-a64
In base 14, what is -199 + 2?
-197
In base 13, what is -26 + -562?
-588
In base 2, what is 111010 - 101000001?
-100000111
In base 3, what is 1 + 11221?
11222
In base 6, what is 41 + 50?
131
In base 4, what is 22020 - 22?
21332
In base 14, what is 1a - -a?
26
In base 7, what is 502 + -3?
466
In base 11, what is 4a83 + -2?
4a81
In base 3, what is 102122211 - 1?
102122210
In base 5, what is -21243 + -1?
-21244
In base 12, what is -6 + -246?
-250
In base 16, what is 3 + -1406?
-1403
In base 3, what is -211012 + -21?
-211110
In base 13, what is -2a93 + 1?
-2a92
In base 6, what is -13045 + -1?
-13050
In base 9, what is 13 - -60?
73
In base 2, what is -1010000 + 10101?
-111011
In base 15, what is 4 + 81d?
822
In base 10, what is -5 - -67?
62
In base 6, what is -155 + 30?
-125
In base 13, what is 10 - -35?
45
In base 7, what is -4 - -215?
211
In base 12, what is 552 + 7?
559
In base 3, what is -1001002200 - -2?
-1001002121
In base 13, what is 182 - -1?
183
In base 6, what is 0 - 102?
-102
In base 6, what is 2255 - 0?
2255
In base 10, what is 531 + 20?
551
In base 8, what is 47 - 35?
12
In base 16, what is 1 + -7?
-6
In base 15, what is -3047 + -2?
-3049
In base 10, what is -556 - -1?
-555
In base 11, what is -3 - -76?
73
In base 6, what is 50 + 41?
131
In base 3, what is 1220 + 10?
2000
In base 13, what is 3c - 1?
3b
In base 14, what is c9 + -4?
c5
In base 8, what is -2 - -136?
134
In base 5, what is 11010 - -10?
11020
In base 16, what is 1 + d?
e
In base 4, what is -10113 - -3?
-10110
In base 12, what is -3b6 + -2?
-3b8
In base 15, what is 4d - -10?
5d
In base 13, what is a - 1?
9
In base 5, what is -31432 + -2?
-31434
In base 14, what is 407 - -8?
411
In base 5, what is 11 - -24414?
24430
In base 15, what is -c + -76?
-83
In base 7, what is -220 + 14?
-203
In base 10, what is 11628 - -4?
11632
In base 13, what is -1b4 + 3?
-1b1
In base 9, what is -360 - 32?
-402
In base 16, what is 17e4 + -3?
17e1
In base 13, what is 803 + 2?
805
In base 2, what is 100001111 - 1000?
100000111
In base 2, what is 1100100 + 1?
1100101
In base 5, what is -2 - -132?
130
In base 11, what is 402 + 1?
403
In base 13, what is -4 + b?
7
In base 11, what is -5 - -70?
66
In base 12, what is -46 - -a?
-38
In base 15, what is -3 - -86c?
869
In base 8, what is 140 - 0?
140
In base 5, what is -1031 + 13?
-1013
In base 9, what is -348 + 2?
-346
In base 14, what is 18 - -6c?
86
In base 2, what is 1 - -100010011?
100010100
In base 6, what is -3 - 102?
-105
In base 9, what is 112 + 13?
125
In base 8, what is -116 + 2?
-114
In base 13, what is 3c - 35?
7
In base 11, what is -a1 - -3?
-99
In base 16, what is 13c + -4?
138
In base 13, what is 0 + 5b7?
5b7
In base 10, what is -737 + 0?
-737
In base 16, what is 10 - -1e3?
1f3
In base 10, what is -5 - 64?
-69
In base 6, what is -11433 - -4?
-11425
In base 9, what is 46 - -11?
57
In base 5, what is -44 + -10?
-104
In base 16, what is -4 + 5f?
5b
In base 13, what is -a12 - 5?
-a17
In base 10, what is -3 + -205?
-208
In base 15, what is 9 + 30?
39
In base 15, what is -1 - 66?
-67
In base 14, what is -6 + d33?
d2b
In base 2, what is -10011 + -100001?
-110100
In base 5, what is -2 + -1120?
-1122
In base 12, what is 8 - -23?
2b
In base 11, what is 36 + -12?
24
In base 2, what is -1100010011110 - 1?
-1100010011111
In base 15, what is b - a9?
-9d
In base 8, what is 45 + 4?
51
In base 4, what is -31 + -2001?
-2032
In base 7, what is -44 + -12?
-56
In base 15, what is -5376 + 0?
-5376
In base 6, what is 4 + 2?
10
In base 2, what is 11101001 + 1100101?
101001110
In base 3, what is -20 + 2000021?
2000001
In base 13, what is 0 + 16?
16
In base 8, what is 1374 - 4?
1370
In base 10, what is -15281 - 2?
-15283
In base 9, what is 8 - 807?
-788
In base 13, what is 638 - 21?
617
In base 13, what is -1 - 9c5?
-9c6
In base 4, what is 31 + 10?
101
In base 10, what is -6 - -3?
-3
In base 9, what is -2 - 85?
-87
In base 4, what is 1 + -33211?
-33210
In base 8, what is -4 - -46?
42
In base 5, what is -221 - 4?
-230
In base 14, what is 26c - -2?
270
In base 12, what is 1 + a6?
a7
In base 12, what is 0 + 68?
68
In base 5, what is -343 + 22?
-321
In base 5, what is 1403 + 0?
1403
In base 10, what is -25 + -46?
-71
In base 13, what is -430 - 8?
-438
In base 13, what is a9 - 0?
a9
In base 8, what is 47552 - -3?
47555
In base 5, what is -22 - 312?
-334
In base 7, what is 1340 + -1?
1336
In base 6, what is -145 - -3?
-142
In base 7, what is -664 + -3?
-1000
In base 5, what is 40 + -131?
-41
In base 8, what is 2 + 42?
44
In base 13, what is -2bac + -5?
-2bb4
In base 2, what is -10 + -10010010?
-10010100
In base 11, what is 1 + 11?
12
In base 16, what is 106 + 3?
109
In base 2, what is -10000101100 - -100?
-10000101000
In base 10, what is -9 + -30?
-39
In base 8, what is -47 - -5?
-42
In base 8, wh